569
Let r(b) = 150*b**3 - 2*b**2 - b + 6. Suppose a = 3*j + 11, -4*a - 31 = 3*j - 30. What are the prime factors of r(a)?
2, 13, 23
Let j(h) be the second derivative of -27/2*h**2 + 0 - 11*h + 1/6*h**4 - 2*h**3. List the prime factors of j(12).
3, 13
Suppose -x = 9*x - 180. List the prime factors of 6/x*0 - -733.
733
Suppose 1795*l + 3034 = 1797*l. What are the prime factors of l?
37, 41
Let s(w) = -2*w**3 + 18*w**2 - 9*w + 5. Let v be s(7). Let k = v + -10. Let y = 286 - k. List the prime factors of y.
2, 79
Suppose -60035 = 5*x - 18*x + 58395. What are the prime factors of x?
2, 5, 911
List the prime factors of (1 - (-47685)/9)*93/62.
7949
Let k = 958 - 528. Suppose k = 8*d - 7*d. What are the prime factors of d?
2, 5, 43
Let q(u) = -u**3 - 46*u**2 - 90*u - 75. Let b be q(-44). List the prime factors of 8/(-3)*b*390/(-20).
2, 13
Let v(q) = -123*q**3 + 13*q**2 + 80*q + 2. List the prime factors of v(-5).
2, 7, 1093
Let k be ((-8)/14)/((-1)/7). Suppose -28*q + 30*q = -k. What are the prime factors of (3/5)/(q/(-60))?
2, 3
Suppose -9*q - 16 = 38. What are the prime factors of 340 - (q/(-1))/(-3)?
2, 3, 19
Suppose -646 + 130 = 4*b - 2*c, c = -2*b - 258. Let n = 263 + b. What are the prime factors of n?
2, 67
Let y = -1674 - -1678. Suppose 2*c - 6 = -0*c + 4*b, -2*c - 3*b + 13 = 0. Suppose -3*s + y*g - 3*g + 26 = 0, -c*g = -2*s. What are the prime factors of s?
2, 5
Suppose 17*s + 2633 = 42*s + 858. What are the prime factors of s?
71
Let m = -256 - -100. Let w = 242 - m. What are the prime factors of w?
2, 199
Let r(y) = y**3 + 17*y**2 - 17*y + 22. Let g be r(-18). Let h be (-100)/4*g/(-2)*-1. Let a = h + 83. What are the prime factors of a?
3, 11
Suppose 0 = 3*f + 4*m - 15 - 6, 0 = 5*f + m - 18. Suppose -f*p - 15 = 0, -2*h - 3*p + 423 = -0*p. List the prime factors of h.
3, 73
Suppose -54 = 2*y + 3*g, 91*y = 90*y + g - 37. Let k(q) = q**2 - 11*q + 67. What are the prime factors of k(y)?
7, 31
Suppose 163 + 9 = -4*x. Let m = 254 - x. List the prime factors of m.
3, 11
Suppose -781*r + 580138 = -16123109. What are the prime factors of r?
3, 7129
Suppose -75421 = -46*x + 997805. List the prime factors of x.
3, 7, 11, 101
List the prime factors of -2 + (-7)/(-2) - (-22614751)/314.
7, 10289
Let f(y) = 139*y - 47. Let d be f(2). Let n = d - -587. List the prime factors of n.
2, 409
Let r be 1/(-4)*4*14/2. What are the prime factors of 8204/294*15 + (-3)/r?
419
Suppose 4*r - 5*f - 1845 = 0, 575 = r - f + 115. Let j = r + -177. List the prime factors of j.
2, 139
Let v be 0 + -1 + 2 + 4400/20. Suppose -3*w + 866 - v = 0. What are the prime factors of w?
5, 43
Let n = 4 - -1. Suppose -2*i + 3*u = -716, 8*u - 9*u = n*i - 1790. List the prime factors of i.
2, 179
What are the prime factors of ((-3)/(-1) - -57692) + 1755/(-351)?
2, 3, 5, 641
Let s = -127 + 132. Suppose -4*m - 38 = -s*v, 0 = -v - 2*v + 5*m + 28. List the prime factors of 58 - (-3)/(v/(-2)).
3, 19
Suppose 14*h = 8*h + 90. Suppose 15*v - h = 10*v. Suppose 3*x - 243 = -v*z, -3*z - 4*x + 210 = -34. What are the prime factors of z?
2, 5
Let v be 3*83 - ((-2 - -7) + -4). Let k = v + 114. What are the prime factors of k?
2, 181
Suppose 0 = 5*x - 5, 5*x - 7107 = -2*a + 4066. What are the prime factors of a?
2, 349
Let p be 482/10 - (-10)/(-50). Suppose -3*n + 61 = -4*k, -3*n + p = n + 3*k. What are the prime factors of (5/n)/(1/372)?
2, 31
Let r be 2/(-4) - (-893)/(-38). Let b be 6/(-4)*80/r. Let j = 35 + b. List the prime factors of j.
2, 5
Suppose 137*v - 4*r = 136*v + 14891, 0 = 2*v - r - 29824. List the prime factors of v.
5, 19, 157
Suppose 8*n = 13*n, -5*w + 3*n + 1924 - 4949 = 0. Suppose -4*z + 3*c - 1073 = 381, -5*z = 3*c + 1804. Let h = z - w. List the prime factors of h.
3
Let s(v) = 17*v**2 - 13*v + 83. Let x be s(7). Let f = 1512 - x. What are the prime factors of f?
3, 229
List the prime factors of 278135/5 + -24 - -14.
3, 18539
Suppose -5*t + 5*z - 68130 = -10*t, 4*t - 5*z - 54495 = 0. List the prime factors of t.
5, 109
Let w be -43 - -47 - 4/2. List the prime factors of 864 - (5 - 1 - (w - 3)).
859
What are the prime factors of ((-117)/26*159860/(-45))/2?
7993
Let g be 3/(-9) + 7/3 + 4. What are the prime factors of g - 0 - (-363)/22*32?
2, 3, 89
Suppose -13*o + 2800 = -11*o. Suppose 7*f = -13*f + o. List the prime factors of f.
2, 5, 7
Suppose o + b = 11, 5*o + 0*b - 5*b - 95 = 0. Suppose 0 = 5*n + o, -3*a + 2*a + 198 = 4*n. What are the prime factors of a?
2, 3, 5, 7
Let t = 10917 - 1911. What are the prime factors of t?
2, 3, 19, 79
Let v be (((-6)/9)/1)/(3/(-1449)). Suppose -3*q = x + x - v, 5*x = -2*q + 816. What are the prime factors of x?
2, 41
Suppose 0 = -5*r + 5*p - 20901 + 84706, r - 5*p = 12757. What are the prime factors of r?
2, 3, 709
Suppose k = -b + 514, 0*k - 1020 = -2*k - b. What are the prime factors of k?
2, 11, 23
Suppose p - 260 = 7*f - 8*f, 4*f - p - 1045 = 0. Let x = 387 - f. List the prime factors of x.
2, 3, 7
Suppose 13*k = 43 - 17. Suppose 2*q = -4*o + 940, -o - k*q - 476 = -3*o. List the prime factors of o.
2, 59
Suppose -203*u + 108*u - 3327153 = -162*u. List the prime factors of u.
3, 16553
Suppose 24 = -l - l + 5*j, j = 2*l + 8. List the prime factors of -69*l*(-7)/(-2).
3, 7, 23
Let m = 116 + -133. Let o = -12 + 9. What are the prime factors of 1/o*2091/m?
41
Suppose -50 = -3*r - 200. Let b = r - -55. Suppose q - b*i = 20, -2*i = -3*q + i + 36. List the prime factors of q.
2, 5
Let t(a) = a**3 - 11*a**2 + 2*a - 14. Let p be t(11). Suppose -r = -1 - p. Let m(c) = 11*c. List the prime factors of m(r).
3, 11
Let z(d) = -3*d**3 + 73*d**2 - 20*d - 42. List the prime factors of z(22).
2, 1453
Let l(p) = -929*p + 2186. List the prime factors of l(-6).
2, 5, 97
Suppose 0 = -4*g - 0*g + 16. Suppose 707 = g*p - 93. Suppose 4*x - 607 = -3*n, 619 = 3*x - 5*n + p. List the prime factors of x.
2, 37
Let u be (4088/(-10))/((-29)/145). Suppose -2*j - u = -4*z, 3*z - 4*j + 1032 = 5*z. What are the prime factors of z?
2
Let d(n) be the first derivative of 0*n**3 + 0*n**2 + 0*n - 8 - 19/4*n**4. What are the prime factors of d(-1)?
19
Suppose -w + 2*t + 12840 = 0, 2*t = -6*w + 5*w + 12832. What are the prime factors of w?
2, 3209
Let g be (108/((-24)/8))/((-12)/(-8)). Let f = g - -190. What are the prime factors of f?
2, 83
What are the prime factors of 6*(-85)/(-102) - (-208 + -1)?
2, 107
Let k(c) = c**2 + 15*c + 1. Suppose 5*y = 7*y - 24. Let t(x) = x**2 - 13*x - 5. Let i be t(y). List the prime factors of k(i).
5, 7
Let u(c) = c**2 + 5*c + 3. Let h be u(-5). Suppose 2*g - 1140 = -3*b, 14*g - 4*b = 17*g - 1708. Suppose -h*i + g = -0*i. List the prime factors of i.
2, 47
Suppose 12*m + 5091 = 4*d + 11*m, 2*d = 5*m + 2559. What are the prime factors of d?
2, 3, 53
Suppose -4*x - 2*w = -x - 298, -500 = -5*x - 4*w. Suppose 102*i - 198 = x*i. List the prime factors of i.
3, 11
Suppose 6211 = 9*g - 1106. Let t = 1525 - g. List the prime factors of t.
2, 89
Suppose 2*w = 3*w + 61. Let o = w - -63. Suppose -z + 21 = 4*u, -5*u - 161 + 67 = -o*z. What are the prime factors of z?
37
Let o = 7346 + -4767. Suppose -1634 = -11*y + o. What are the prime factors of y?
383
Suppose 2*d + 3*i + 145 = 0, 2*i - 69 = 3*d + 129. Let z = d - -64. List the prime factors of 7 + z + (-100)/(-1).
103
Suppose f - 3*g - 11660 = 0, -267 = -4*f + 2*g + 46403. What are the prime factors of f?
7, 1667
Let q = -466 + 867. Suppose 7*s - q = 348. List the prime factors of s.
107
Let y(a) = 128*a - 5. Let w be y(-8). Let g = -500 - w. What are the prime factors of g?
23
Let t(z) = -6*z. Let l be t(-2). Let g(a) = a**2 - 5*a + 42. Let s be g(l). Suppose 0*h + h = -5*x + s, -3 = -3*x. What are the prime factors of h?
11
Let b = 1638 + -1030. Let i = -1010 + b. List the prime factors of i/(-33) - -1*(-8)/44.
2, 3
Let f = 470 - 154. Suppose -3*z = -y - 205, -4*y + 2*y = 4*z + 440. Let q = f + y. List the prime factors of q.
2, 3, 17
Let r be (-210)/(-350) - 153/5. Let b(w) = -2*w**2 - 69*w - 52. What are the prime factors of b(r)?
2, 109
Suppose a - 1112 = 3*m, -4*a - 2*m = -m - 4448. Let z = -322 + a. What are the prime factors of z?
2, 5, 79
Let i(f) = f**3 + 8*f**2 - 9*f. Let s be i(-9). Suppose s = 3*x + 5 - 8. Suppose d + 5*h = 89, -4*h - 97 - x = -d. What are the prime factors of d?
2, 47
Let l = 